at is the highest common divisor of q and 152?
19
Let w = -115 - -175. Calculate the greatest common divisor of 30 and w.
30
Let r(t) = 3*t**3 - 69*t**2 - 70*t - 45. Let d be r(24). Calculate the highest common factor of 237 and d.
3
Suppose -10*r = -149 - 41. Suppose 234 = 5*s + 44. Calculate the highest common divisor of s and r.
19
Let m(n) = -n - 4. Let l be m(3). Let k = l - -10. Let c = 8 + -2. What is the greatest common divisor of k and c?
3
Suppose -f = 4*o - 290, -2*o - f + 2*f = -142. What is the greatest common divisor of o and 936?
72
Let h = -14 + 46. Let v(x) = x**3 + 7*x**2 - 4. Let f be v(-6). Calculate the greatest common divisor of h and f.
32
Suppose 0 = j - 4*y - 18, -76 + 241 = 5*j + 5*y. Let h(n) = -6*n - 2. Let b be h(-1). Suppose b*s - 240 = -4*s. Calculate the greatest common factor of s and j.
30
Let z(h) = 289*h**2 - 6*h - 8. Let j be z(-1). Calculate the highest common factor of j and 123.
41
Let v = 13 + 12. Suppose -81 = -5*p + 209. Let n = -33 + p. Calculate the greatest common divisor of v and n.
25
Let a = -1 - -2. Let f = -7 + 10. Suppose f*j - 2*x = 26, 2*x + 2 = -0. What is the greatest common factor of a and j?
1
Let t be (2 - 6) + 6*5. Let h = 237 + -55. What is the highest common factor of h and t?
26
Let b be (-6)/(-2)*280/(-60). Let d = 16 + b. What is the highest common factor of 16 and d?
2
Let p = 16 - 7. Suppose 0 = 2*y - 5*i - 261, -4*y - i = -p - 568. Let o = -12 - -25. Calculate the highest common factor of o and y.
13
Suppose 0 = -4*c + 11*c - 28. What is the greatest common divisor of c and 36?
4
Suppose 13 = b + 3*j, 2*b - 2*j + 0*j = 58. Let y be (-2)/(-1 + -1) + 8. Suppose -5*i + 16 = -y. Calculate the greatest common factor of b and i.
5
Let h be 4 + 4/(-2) + -1. Suppose s = 11 + h. Suppose 9*q - 614 = 358. Calculate the highest common factor of s and q.
12
Let p be (-2*(-7)/14)/(1/33). Calculate the highest common factor of p and 15.
3
Let k(t) = 194*t**3 + t**2 + t - 1. Let f be k(1). Calculate the greatest common factor of f and 13.
13
Let j(u) = -u**3 - 8*u**2 - 7*u + 4. Let w be j(-7). Suppose 5*t + 3*q - 95 = -2*q, -t + 25 = w*q. What is the highest common factor of t and 187?
17
Suppose 27 = 10*b + 7. Suppose -2*i + l + 12 = 2*i, l = 3*i - 8. Suppose 100 = i*x + 12. Calculate the highest common factor of x and b.
2
Let q = -8 - -37. Let c = q + -19. What is the greatest common divisor of 10 and c?
10
Let x = -74 - -79. Suppose -x*o + 15*o = 120. Suppose 8*q - 30 = 3*q. What is the greatest common factor of o and q?
6
Let a(o) = 156*o - 232. Let z be a(3). Calculate the highest common divisor of z and 1239.
59
Let k be (-6 + (-9)/(-2))*(-10)/3. What is the greatest common factor of 155 and k?
5
Suppose -j - 3*j = -3*c - 29, 0 = 5*c + 3*j + 29. Let l = -5 - c. Let b(w) = 3*w**2 - 10*w + 4. Let v be b(3). What is the greatest common divisor of v and l?
1
Suppose -834 = -3*c + 4*n - 153, 0 = -c + 2*n + 225. Calculate the greatest common factor of 198 and c.
33
Suppose -5*m + 5 = v, 3*v + m - 25 = -2*v. Suppose v*k + 82 = 3*k. Let q be (-6)/(-1) - 3 - k. Calculate the greatest common factor of 22 and q.
22
Let d be 0 - -4*(-6)/8. Let f be (-57)/(-15) + d/(-15). Suppose f*l - 2*r + r = 103, l = r + 28. What is the greatest common factor of 5 and l?
5
Suppose -16 = -2*r - 24. Let n be (26/r - -4)*-10. Suppose -5*j - 21 = -t - 4*j, -t + 5*j + n = 0. What is the greatest common factor of 180 and t?
20
Let m(l) = l**3 + 7*l**2 + 3*l. Let v be m(-6). Let r = v - -27. What is the highest common divisor of r and 9?
9
Suppose 5*h - 17 = 3. Suppose h*x - 12 = 36. Calculate the highest common factor of 108 and x.
12
Suppose 0 = -59*u + 21*u + 3990. Suppose -63 = -3*a - 0. Calculate the highest common divisor of u and a.
21
Let k = -89 + 128. Suppose 4*i - 5*i = -k. Calculate the greatest common factor of 117 and i.
39
Let f(a) = 3*a**2 + 6*a. Let t = -3 - 1. Let y be f(t). Let n = 34 - y. Calculate the greatest common factor of 40 and n.
10
Let x(a) = -a**3 + 7*a**2 - 7*a + 7. Let n be x(5). Let s be ((-810)/(-729))/(2/198). Calculate the highest common divisor of n and s.
22
Let r = 611 - 307. Calculate the highest common factor of 38 and r.
38
Let b = 258 - 141. Suppose -477 = -3*f + b. What is the highest common factor of 18 and f?
18
Suppose 116 = 2*u - 0*u. What is the greatest common divisor of u and 145?
29
Suppose j - 2 - 6 = -y, j = y + 14. Let u = 9 + j. Let d = 6 - -54. Calculate the greatest common divisor of d and u.
20
Let k = 494 - 377. What is the greatest common factor of k and 104?
13
Suppose 8*r - 3*r + o - 242 = 0, -5*o = 2*r - 106. Let i be (-48)/(-27) + (-6)/(-27). Let n = 8 - i. Calculate the highest common divisor of r and n.
6
Let o(a) = a**3 + a**2 + a - 1. Let b = 42 - 41. Let l be o(b). What is the highest common factor of l and 1?
1
Let b(g) be the first derivative of g**3/3 + g**2 + 3*g + 11. Let a be b(7). Let d be a/18*1*3. What is the highest common factor of d and 1?
1
Let b(o) = -26*o + 224. Let h be b(8). Calculate the greatest common factor of 4 and h.
4
Let p(i) = -i**3 - 28*i**2 - 74*i + 32. Let z be p(-26). Calculate the highest common divisor of z and 4.
4
Let o(u) = u**3 - 7*u**2 - 34*u + 59. Let d be o(11). Calculate the highest common divisor of d and 65.
13
Suppose 4*z + 480 = 7*z. Let s = z + -61. What is the highest common divisor of 11 and s?
11
Let u(r) = 149*r**2 + 1. Let g be u(1). Suppose -7*c + 14 + 91 = 0. Calculate the highest common factor of g and c.
15
Let i(r) be the second derivative of 22*r**4/3 + r**3 + 2*r**2 + 17*r. Let z be i(-2). Calculate the greatest common factor of 43 and z.
43
Let n(a) = -70*a**3 + 10*a**2 + 10. Let l(r) = -r**2 - 1. Let f(m) = -20*l(m) - 2*n(m). Let v be f(1). What is the greatest common factor of v and 20?
20
Suppose 16*x - 1980 = 5*x. What is the highest common factor of x and 12?
12
Let l be (1 + 17)*2/3. Suppose -39 = -4*m + 105. What is the highest common divisor of m and l?
12
Let u(i) = -10*i - 44. Let n be u(-11). Calculate the greatest common factor of n and 33.
33
Let c(y) = 6*y - 246. Let j be c(45). What is the greatest common factor of 192 and j?
24
Suppose 0 = -4*h - 13 - 7. Let b(f) = -2*f + 8. Let w be b(h). Calculate the highest common divisor of 9 and w.
9
Let j = 2 + 1. Suppose 4*r = p + 543, p = -j*p - 12. What is the highest common factor of 15 and r?
15
Let g be ((-26 - -1) + -2)*3. Let y be g/(-135) + (-1 - (-2564)/10). What is the highest common divisor of 32 and y?
32
Suppose -f + 3 = -8. Calculate the greatest common divisor of 187 and f.
11
Let o(d) = 2*d**2 + 4*d + 8. Let a be o(-4). Let q be (-3)/(-24)*2*4. Let p = 7 - q. What is the highest common factor of a and p?
6
Let u = 245 - 137. Suppose -10*k = 26*k - 432. Calculate the greatest common divisor of k and u.
12
Suppose 4*d = -h + 30, -4*h + 10 = 2*d - 54. Suppose z + h = 77. Let t = 8 + -1. What is the greatest common divisor of z and t?
7
Suppose 10*o + 63 = -487. Let d = 141 - o. Calculate the highest common divisor of 28 and d.
28
Suppose 3*d + 3*v = -2*v + 29, -d = -v - 15. Let y = -13 + d. Suppose -180 = -5*u - y*u. Calculate the greatest common factor of 54 and u.
18
Let r(a) = a**3 - 11*a**2 + 10*a - 12. Let y be r(10). Let u be (6 - 0)*(-8)/y. Suppose 32 = -0*c + 2*c. Calculate the greatest common divisor of u and c.
4
Suppose 0 = -0*u - 30*u + 630. What is the highest common divisor of u and 6?
3
Let c be (1 + -2)*((0 - 6) + -44). What is the greatest common factor of 90 and c?
10
Let f be 7/(-21)*-6*(113 - 3). Calculate the greatest common divisor of f and 44.
44
Suppose -9 = -5*r + 16. Suppose -a + 480 = r*a. Calculate the greatest common factor of a and 20.
20
Let q = 38 + 20. Calculate the greatest common divisor of 522 and q.
58
Suppose 0 = 3*r - 2*b - 185 - 12, 3*b = -4*r + 291. Calculate the highest common factor of r and 2553.
69
Suppose 2066 = 23*z - 625. Calculate the greatest common divisor of 3 and z.
3
Let d(u) = u**2 - 31*u - 92. Let g be d(-8). Calculate the greatest common divisor of g and 40.
20
Suppose 3*d + y = -160, 5*d - 5*y + 177 = -123. Let t be (-1)/3 + d/(-3). Suppose 2*a - 7*a = -360. Calculate the highest common divisor of t and a.
18
Suppose -11106 - 1852 = -38*l. What is the highest c